{"id":21,"date":"2020-12-20T21:20:55","date_gmt":"2020-12-20T21:20:55","guid":{"rendered":"https:\/\/valcomputers.com\/New\/?page_id=21"},"modified":"2021-01-07T19:41:52","modified_gmt":"2021-01-07T19:41:52","slug":"software","status":"publish","type":"page","link":"https:\/\/valcomputers.com\/New\/software\/","title":{"rendered":"Software"},"content":{"rendered":"<table class=\"wp-list-table widefat fixed striped table-view-list posts\">\n<tbody id=\"the-list\">\n<tr id=\"post-158\" class=\"iedit author-self level-0 post-158 type-rpt_pricing_table status-publish hentry cb-select-158\">\n<td class=\"riv_post_thumbs column-riv_post_thumbs\" data-colname=\"Thumbs\"><\/td>\n<td class=\"dk_shortcode column-dk_shortcode\" data-colname=\"Shortcode\"><code data-rich-text-format-boundary=\"true\"><div id=\"flipbox-widget-46\" class=\"cfb_wrapper layout-4 flex-row\" data-flipboxid=\"flipbox-widget-46\" data-bootstrap-status=\"enable\" data-fontawesome-icons=\"enable\"><div class=\"flex-col-md-4 cfb-box-1 cfb-box-wrapper\">\n                                <div class=\"flipbox-container cfb-layout-4 cfb-flip cfb-hover\" data-effect=\"y\" data-height=\"equal\">\n                                  <div class=\"flipbox-front-layout cfb-data\">\n                                    <div class=\"flipbox-image-content\">\n                                      <div class=\"flipbox-image-top\"><img decoding=\"async\" data-src=\"https:\/\/valcomputers.com\/New\/wp-content\/uploads\/2021\/01\/be05d20aee0c6c2c24a21e66db571fb1_pcamerica-427-320-c.jpg\" alt=\"\" src=\"data:image\/svg+xml;base64,PHN2ZyB3aWR0aD0iMSIgaGVpZ2h0PSIxIiB4bWxucz0iaHR0cDovL3d3dy53My5vcmcvMjAwMC9zdmciPjwvc3ZnPg==\" class=\"lazyload\" style=\"--smush-placeholder-width: 427px; --smush-placeholder-aspect-ratio: 427\/320;\" \/><div class=\"flip-icon-bototm flipbox-icon\" style=\"font-size:26px;border-color:#020000;color:#020000\">\n                                            <i class=\"fa fa-angle-double-down\"><\/i>\n                                           <\/div><\/div>\n                                      <div class=\"flipbox-img-content\">\n                                        <h5 style=\"color:#020000\">PC America Cash Register Express<\/h5>\n                                      <\/div>\n                                    <\/div>\n                                    <\/div>\n                                  <div class=\"flipbox-back-layout cfb-data\" style=\"background-color:#020000\">\n                                    <p>Cash Register Express is trusted by over 70,000 merchants around the world. Designed by pcAmerica, Cash Register Express (CRE) works in almost any retail environment including markets, groceries, boutiques, liquor &amp; wine stores, tobacco shops, apparel stores, and more.<\/p><a target=\"_blank\" href=\"https:\/\/valcomputers.com\/New\/contact-us\/\"  class=\"back-layout-btn\" style=\"color:#020000\">Contact Us For Pricing<\/a><\/div>\n                                <\/div>\n                              <\/div><div class=\"flex-col-md-4 cfb-box-2 cfb-box-wrapper\">\n                                <div class=\"flipbox-container cfb-layout-4 cfb-flip cfb-hover\" data-effect=\"y\" data-height=\"equal\">\n                                  <div class=\"flipbox-front-layout cfb-data\">\n                                    <div class=\"flipbox-image-content\">\n                                      <div class=\"flipbox-image-top\"><img decoding=\"async\" data-src=\"https:\/\/valcomputers.com\/New\/wp-content\/uploads\/2021\/01\/72a9faa35f8a960376e8150db212eb62_dinerware-427-320-c.jpg\" alt=\"\" src=\"data:image\/svg+xml;base64,PHN2ZyB3aWR0aD0iMSIgaGVpZ2h0PSIxIiB4bWxucz0iaHR0cDovL3d3dy53My5vcmcvMjAwMC9zdmciPjwvc3ZnPg==\" class=\"lazyload\" style=\"--smush-placeholder-width: 427px; --smush-placeholder-aspect-ratio: 427\/320;\" \/><div class=\"flip-icon-bototm flipbox-icon\" style=\"font-size:26px;border-color:#000000;color:#000000\">\n                                            <i class=\"fa fa-angle-double-down\"><\/i>\n                                           <\/div><\/div>\n                                      <div class=\"flipbox-img-content\">\n                                        <h5 style=\"color:#000000\">Dinerware<\/h5>\n                                      <\/div>\n                                    <\/div>\n                                    <\/div>\n                                  <div class=\"flipbox-back-layout cfb-data\" style=\"background-color:#000000\">\n                                    <p>Dinerware Restaurant POS is a proven solution that is easy-to-use, cost-effective, and scalable to your business needs.\r\nOffering the right feature set for small to midsize restaurants, quick serve and table service fine dining or fast-casual cafes, bars and nightclubs, cafeterias, wineries and breweries, golf clubs, and more. <\/p><a target=\"_blank\" href=\"https:\/\/valcomputers.com\/New\/contact-us\/\"  class=\"back-layout-btn\" style=\"color:#000000\">Contact Us For Information<\/a><\/div>\n                                <\/div>\n                              <\/div><div class=\"flex-col-md-4 cfb-box-3 cfb-box-wrapper\">\n                                <div class=\"flipbox-container cfb-layout-4 cfb-flip cfb-hover\" data-effect=\"y\" data-height=\"equal\">\n                                  <div class=\"flipbox-front-layout cfb-data\">\n                                    <div class=\"flipbox-image-content\">\n                                      <div class=\"flipbox-image-top\"><img decoding=\"async\" data-src=\"https:\/\/valcomputers.com\/New\/wp-content\/uploads\/2021\/01\/8ab82b29438028cfb1040b8187bf748e_Aldelo-427-320-c.jpg\" alt=\"\" src=\"data:image\/svg+xml;base64,PHN2ZyB3aWR0aD0iMSIgaGVpZ2h0PSIxIiB4bWxucz0iaHR0cDovL3d3dy53My5vcmcvMjAwMC9zdmciPjwvc3ZnPg==\" class=\"lazyload\" style=\"--smush-placeholder-width: 427px; --smush-placeholder-aspect-ratio: 427\/320;\" \/><div class=\"flip-icon-bototm flipbox-icon\" style=\"font-size:26px;border-color:#000000;color:#000000\">\n                                            <i class=\"fa fa-angle-double-down\"><\/i>\n                                           <\/div><\/div>\n                                      <div class=\"flipbox-img-content\">\n                                        <h5 style=\"color:#000000\">Aldelo POS<\/h5>\n                                      <\/div>\n                                    <\/div>\n                                    <\/div>\n                                  <div class=\"flipbox-back-layout cfb-data\" style=\"background-color:#000000\">\n                                    <p>Aldelo features split\/combine tickets, easy order taking process, inventory control, financial accountability, customer tracking, built-in loyalty and in-house program, and kitchen productivity. This simply makes Aldelo POS the Best POS for your operations.<\/p><a target=\"_blank\" href=\"https:\/\/valcomputers.com\/New\/contact-us\/\"  class=\"back-layout-btn\" style=\"color:#000000\">Contact Us For Information<\/a><\/div>\n                                <\/div>\n                              <\/div><div class=\"flex-col-md-4 cfb-box-4 cfb-box-wrapper\">\n                                <div class=\"flipbox-container cfb-layout-4 cfb-flip cfb-hover\" data-effect=\"y\" data-height=\"equal\">\n                                  <div class=\"flipbox-front-layout cfb-data\">\n                                    <div class=\"flipbox-image-content\">\n                                      <div class=\"flipbox-image-top\"><img decoding=\"async\" data-src=\"https:\/\/valcomputers.com\/New\/wp-content\/uploads\/2025\/06\/Linga.jpg\" alt=\"\" src=\"data:image\/svg+xml;base64,PHN2ZyB3aWR0aD0iMSIgaGVpZ2h0PSIxIiB4bWxucz0iaHR0cDovL3d3dy53My5vcmcvMjAwMC9zdmciPjwvc3ZnPg==\" class=\"lazyload\" style=\"--smush-placeholder-width: 1087px; --smush-placeholder-aspect-ratio: 1087\/841;\" \/><div class=\"flip-icon-bototm flipbox-icon\" style=\"font-size:26px;border-color:#000000;color:#000000\">\n                                            <i class=\"fa fa-angle-double-down\"><\/i>\n                                           <\/div><\/div>\n                                      <div class=\"flipbox-img-content\">\n                                        <h5 style=\"color:#000000\">LingaRos<\/h5>\n                                      <\/div>\n                                    <\/div>\n                                    <\/div>\n                                  <div class=\"flipbox-back-layout cfb-data\" style=\"background-color:#000000\">\n                                    <p>The best POS system for a pizzeria restaurant! LINGA\u2019s ultimate solution package includes everything you need and expect to grow your business. Our pizza POS system was built to offer pizzerias the tools and features they most need. Whether it\u2019s quarter-by-quarter customization, delivery dispatch, or built-in online ordering, LINGA has you covered.<\/p><a target=\"_blank\" href=\"https:\/\/valcomputers.com\/New\/contact-us\/\"  class=\"back-layout-btn\" style=\"color:#000000\">Contact Us For Information<\/a><\/div>\n                                <\/div>\n                              <\/div><div class=\"flex-col-md-4 cfb-box-5 cfb-box-wrapper\">\n                                <div class=\"flipbox-container cfb-layout-4 cfb-flip cfb-hover\" data-effect=\"y\" data-height=\"equal\">\n                                  <div class=\"flipbox-front-layout cfb-data\">\n                                    <div class=\"flipbox-image-content\">\n                                      <div class=\"flipbox-image-top\"><img decoding=\"async\" data-src=\"https:\/\/valcomputers.com\/New\/wp-content\/uploads\/2025\/06\/keystroke.jpg\" alt=\"\" src=\"data:image\/svg+xml;base64,PHN2ZyB3aWR0aD0iMSIgaGVpZ2h0PSIxIiB4bWxucz0iaHR0cDovL3d3dy53My5vcmcvMjAwMC9zdmciPjwvc3ZnPg==\" class=\"lazyload\" style=\"--smush-placeholder-width: 823px; --smush-placeholder-aspect-ratio: 823\/688;\" \/><div class=\"flip-icon-bototm flipbox-icon\" style=\"font-size:26px;border-color:#000000;color:#000000\">\n                                            <i class=\"fa fa-angle-double-down\"><\/i>\n                                           <\/div><\/div>\n                                      <div class=\"flipbox-img-content\">\n                                        <h5 style=\"color:#000000\">KeyStroke POS<\/h5>\n                                      <\/div>\n                                    <\/div>\n                                    <\/div>\n                                  <div class=\"flipbox-back-layout cfb-data\" style=\"background-color:#000000\">\n                                    <p>The ultimate POS system for serious retailers and businesses with specialized requirements such as fast, simple transaction entry paired with robust databases and reporting capabilities.<\/p><a target=\"_blank\" href=\"https:\/\/valcomputers.com\/New\/contact-us\/\"  class=\"back-layout-btn\" style=\"color:#000000\">Contact Us For Information<\/a><\/div>\n                                <\/div>\n                              <\/div><div class=\"flex-col-md-4 cfb-box-6 cfb-box-wrapper\">\n                                <div class=\"flipbox-container cfb-layout-4 cfb-flip cfb-hover\" data-effect=\"y\" data-height=\"equal\">\n                                  <div class=\"flipbox-front-layout cfb-data\">\n                                    <div class=\"flipbox-image-content\">\n                                      <div class=\"flipbox-image-top\"><img decoding=\"async\" data-src=\"https:\/\/valcomputers.com\/New\/wp-content\/uploads\/2025\/06\/genius.jpg\" alt=\"\" src=\"data:image\/svg+xml;base64,PHN2ZyB3aWR0aD0iMSIgaGVpZ2h0PSIxIiB4bWxucz0iaHR0cDovL3d3dy53My5vcmcvMjAwMC9zdmciPjwvc3ZnPg==\" class=\"lazyload\" style=\"--smush-placeholder-width: 1041px; --smush-placeholder-aspect-ratio: 1041\/711;\" \/><div class=\"flip-icon-bototm flipbox-icon\" style=\"font-size:26px;border-color:#000000;color:#000000\">\n                                            <i class=\"fa fa-angle-double-down\"><\/i>\n                                           <\/div><\/div>\n                                      <div class=\"flipbox-img-content\">\n                                        <h5 style=\"color:#000000\">Genius For Retail<\/h5>\n                                      <\/div>\n                                    <\/div>\n                                    <\/div>\n                                  <div class=\"flipbox-back-layout cfb-data\" style=\"background-color:#000000\">\n                                    <p>GENIUS FOR RETAIL point of sale system. Brick and mortar, pop-up or online, we\u2019ve got your retail business covered. Meet your customers everywhere they want to shop with connected retail POS systems that help you sell in store, online or on the go.<\/p><a target=\"_blank\" href=\"https:\/\/valcomputers.com\/New\/contact-us\/\"  class=\"back-layout-btn\" style=\"color:#000000\">Contact Us For Information<\/a><\/div>\n                                <\/div>\n                              <\/div><div class=\"flex-col-md-4 cfb-box-7 cfb-box-wrapper\">\n                                <div class=\"flipbox-container cfb-layout-4 cfb-flip cfb-hover\" data-effect=\"y\" data-height=\"equal\">\n                                  <div class=\"flipbox-front-layout cfb-data\">\n                                    <div class=\"flipbox-image-content\">\n                                      <div class=\"flipbox-image-top\"><img decoding=\"async\" data-src=\"https:\/\/valcomputers.com\/New\/wp-content\/uploads\/2025\/06\/bodega.jpg\" alt=\"\" src=\"data:image\/svg+xml;base64,PHN2ZyB3aWR0aD0iMSIgaGVpZ2h0PSIxIiB4bWxucz0iaHR0cDovL3d3dy53My5vcmcvMjAwMC9zdmciPjwvc3ZnPg==\" class=\"lazyload\" style=\"--smush-placeholder-width: 560px; --smush-placeholder-aspect-ratio: 560\/638;\" \/><div class=\"flip-icon-bototm flipbox-icon\" style=\"font-size:26px;border-color:#000000;color:#000000\">\n                                            <i class=\"fa fa-angle-double-down\"><\/i>\n                                           <\/div><\/div>\n                                      <div class=\"flipbox-img-content\">\n                                        <h5 style=\"color:#000000\">Bodega AI POS<\/h5>\n                                      <\/div>\n                                    <\/div>\n                                    <\/div>\n                                  <div class=\"flipbox-back-layout cfb-data\" style=\"background-color:#000000\">\n                                    <p>Precios inteligentes, inventario y escaneo de productos, antes exclusivos de las grandes cadenas, desde tiendas de conveniencia y bodegas hasta tabaquer\u00edas y licorer\u00edas. Nuestro esc\u00e1ner autom\u00e1tico de precios permite a los comerciantes compartir f\u00e1cilmente los verificadores de precios con c\u00f3digos QR, mientras que los informes automatizados muestran los productos m\u00e1s vendidos y las tendencias.<\/p><a target=\"_blank\" href=\"https:\/\/valcomputers.com\/New\/contact-us\/\"  class=\"back-layout-btn\" style=\"color:#000000\">Contact Us For Information<\/a><\/div>\n                                <\/div>\n                              <\/div><div class=\"flex-col-md-4 cfb-box-8 cfb-box-wrapper\">\n                                <div class=\"flipbox-container cfb-layout-4 cfb-flip cfb-hover\" data-effect=\"y\" data-height=\"equal\">\n                                  <div class=\"flipbox-front-layout cfb-data\">\n                                    <div class=\"flipbox-image-content\">\n                                      <div class=\"flipbox-image-top\"><img decoding=\"async\" data-src=\"https:\/\/valcomputers.com\/New\/wp-content\/uploads\/2025\/06\/totaltouch.jpg\" alt=\"\" src=\"data:image\/svg+xml;base64,PHN2ZyB3aWR0aD0iMSIgaGVpZ2h0PSIxIiB4bWxucz0iaHR0cDovL3d3dy53My5vcmcvMjAwMC9zdmciPjwvc3ZnPg==\" class=\"lazyload\" style=\"--smush-placeholder-width: 1028px; --smush-placeholder-aspect-ratio: 1028\/613;\" \/><div class=\"flip-icon-bototm flipbox-icon\" style=\"font-size:26px;border-color:#020000;color:#020000\">\n                                            <i class=\"fa fa-angle-double-down\"><\/i>\n                                           <\/div><\/div>\n                                      <div class=\"flipbox-img-content\">\n                                        <h5 style=\"color:#020000\">Total Touch POS<\/h5>\n                                      <\/div>\n                                    <\/div>\n                                    <\/div>\n                                  <div class=\"flipbox-back-layout cfb-data\" style=\"background-color:#020000\">\n                                    <p>Your restaurant point-of-sale system should be helping you grow your business, not bringing it to a stop or causing frustration. At Total Touch, we understand your needs. That\u2019s why we developed a powerful restaurant POS system that is easy-to-use and provides instant benefit to you and your restaurant.<\/p><a target=\"_blank\" href=\"https:\/\/valcomputers.com\/New\/contact-us\/\"  class=\"back-layout-btn\" style=\"color:#020000\">Contact Us For Information<\/a><\/div>\n                                <\/div>\n                              <\/div><\/div><\/code><\/p>\n<p>&nbsp;<\/td>\n<\/tr>\n<\/tbody>\n<\/table>\n","protected":false},"excerpt":{"rendered":"<p>&nbsp;<\/p>\n","protected":false},"author":1,"featured_media":0,"parent":0,"menu_order":0,"comment_status":"closed","ping_status":"closed","template":"","meta":{"_cbd_carousel_blocks":"[]","pagelayer_contact_templates":[],"_pagelayer_content":"","footnotes":""},"categories":[],"tags":[],"class_list":["post-21","page","type-page","status-publish","hentry"],"_links":{"self":[{"href":"https:\/\/valcomputers.com\/New\/wp-json\/wp\/v2\/pages\/21","targetHints":{"allow":["GET"]}}],"collection":[{"href":"https:\/\/valcomputers.com\/New\/wp-json\/wp\/v2\/pages"}],"about":[{"href":"https:\/\/valcomputers.com\/New\/wp-json\/wp\/v2\/types\/page"}],"author":[{"embeddable":true,"href":"https:\/\/valcomputers.com\/New\/wp-json\/wp\/v2\/users\/1"}],"replies":[{"embeddable":true,"href":"https:\/\/valcomputers.com\/New\/wp-json\/wp\/v2\/comments?post=21"}],"version-history":[{"count":6,"href":"https:\/\/valcomputers.com\/New\/wp-json\/wp\/v2\/pages\/21\/revisions"}],"predecessor-version":[{"id":395,"href":"https:\/\/valcomputers.com\/New\/wp-json\/wp\/v2\/pages\/21\/revisions\/395"}],"wp:attachment":[{"href":"https:\/\/valcomputers.com\/New\/wp-json\/wp\/v2\/media?parent=21"}],"wp:term":[{"taxonomy":"category","embeddable":true,"href":"https:\/\/valcomputers.com\/New\/wp-json\/wp\/v2\/categories?post=21"},{"taxonomy":"post_tag","embeddable":true,"href":"https:\/\/valcomputers.com\/New\/wp-json\/wp\/v2\/tags?post=21"}],"curies":[{"name":"wp","href":"https:\/\/api.w.org\/{rel}","templated":true}]}}